{"id":96,"date":"2016-09-01T00:14:52","date_gmt":"2016-09-01T05:14:52","guid":{"rendered":"http:\/\/veragallegosfotografia.com\/?page_id=96"},"modified":"2022-02-17T00:55:55","modified_gmt":"2022-02-17T06:55:55","slug":"acerca-de-mi","status":"publish","type":"page","link":"http:\/\/www.veragallegos.com\/foto\/acerca-de-mi\/","title":{"rendered":"ACERCA DE MI"},"content":{"rendered":"<div class=\"su-column su-column-size-1-3\"><div class=\"su-column-inner su-u-clearfix su-u-trim\"><\/div><\/div>\n<div class=\"su-column su-column-size-2-3 su-column-last\"><div class=\"su-column-inner su-u-clearfix su-u-trim\">\n\n\n<div class=\"wp-block-columns is-layout-flex wp-container-core-columns-is-layout-9d6595d7 wp-block-columns-is-layout-flex\">\n<div class=\"wp-block-column is-layout-flow wp-block-column-is-layout-flow\" style=\"flex-basis:66.66%\">\n<div class=\"wp-block-cover has-background-dim-60 has-very-light-gray-background-color has-background-dim\" style=\"background-image:url(http:\/\/www.veragallegos.com\/foto\/wp-content\/uploads\/2016\/09\/MG_0301.jpg)\"><div class=\"wp-block-cover__inner-container is-layout-flow wp-block-cover-is-layout-flow\">\n<p><\/p>\n\n\n\n<h2 class=\"has-very-dark-gray-color has-text-color has-text-align-center wp-block-heading\">Me llamo <strong>VERA<\/strong>. <\/h2>\n\n\n\n<p class=\"has-text-color has-text-align-center has-medium-font-size has-very-dark-gray-color\">Soy <em>mexicana<\/em> de sangre y crianza, nacida en EUA, mam\u00e1 de dos hermosas ni\u00f1as y tengo poco tiempo viviendo en Fresno, California.<\/p>\n\n\n\n<p class=\"has-text-color has-text-align-center has-medium-font-size has-very-dark-gray-color\">Estudi\u00e9 en M\u00e9xico la <em>licenciatura en Ciencias y T\u00e9cnicas de la Comunicaci\u00f3n <\/em>orientada a medios masivos y considero que mi trabajo fotogr\u00e1fico es el resultado del aprendizaje t\u00e9cnico durante mi carrera, ligado a mi experiencia de vida en todos los aspectos.<\/p>\n\n\n\n<p class=\"has-text-color has-text-align-center has-medium-font-size has-very-dark-gray-color\">Me siento afortunada de contar con una <strong>natural sensibilidad <\/strong>que he desarrollado a trav\u00e9s de los a\u00f1os en las artes, siendo b<em>ailarina esc\u00e9nica de danza contempor\u00e1nea<\/em> y maestra de otras disciplinas del cuerpo.<\/p>\n\n\n\n<p class=\"has-text-color has-text-align-center has-medium-font-size has-very-dark-gray-color\">Mi vivencia siendo madre, definitivamente, tambi\u00e9n contribuye positivamente a <strong>empatizar de manera bella con situaciones cotidianas y espont\u00e1neas <\/strong>durante mi labor.<\/p>\n\n\n\n<p class=\"has-text-color has-text-align-center has-medium-font-size has-very-dark-gray-color\">Comenc\u00e9 \u00e9ste proyecto independiente como <strong>fot\u00f3grafa de ni\u00f1os y familias<\/strong> en el <em>2013<\/em>, en Guadalajara, Jalisco, M\u00e9xico. Desde entonces, tambi\u00e9n documento eventos familiares importantes y ceremonias como Bodas y Bautizos.<\/p>\n\n\n\n<p class=\"has-text-color has-text-align-center has-medium-font-size has-very-dark-gray-color\">Durante el tiempo que he capturado momentos, he observado que <strong>las sesiones fotogr\u00e1ficas son un buen pretexto y oportunidad para vivir un bonita experiencia de interacci\u00f3n y convivencia familiar<\/strong>.<\/p>\n\n\n\n<p class=\"has-text-color has-text-align-center has-medium-font-size has-very-dark-gray-color\"> <strong>No cabe duda que las im\u00e1genes de recuerdo tracender\u00e1n <\/strong>quiz\u00e1s a trav\u00e9s de generaciones y<strong> al verlas nos har\u00e1n conectar con sentimientos muy valiosos y esenciales.<\/strong><\/p>\n<\/div><\/div>\n<\/div>\n\n\n\n<div class=\"wp-block-column is-layout-flow wp-block-column-is-layout-flow\" style=\"flex-basis:33.33%\">\n<div class=\"wp-block-image is-style-default\"><figure class=\"aligncenter size-large\"><img decoding=\"async\" src=\"http:\/\/www.veragallegos.com\/foto\/wp-content\/uploads\/2022\/02\/verabn2.jpg\" alt=\"\" class=\"wp-image-463\"\/><\/figure><\/div>\n\n\n\n<p class=\"has-text-align-center has-medium-font-size\"><strong>Mi inquietud en la fotograf\u00eda va m\u00e1s all\u00e1 de lo visual y el recuerdo que puede ser plasmado a trav\u00e9s del lente. <\/strong><\/p>\n\n\n\n<p class=\"has-text-align-center has-medium-font-size\"><strong>Percibo en las sesiones fotogr\u00e1ficas una experiencia que expone quien realmente somos. <\/strong><\/p>\n\n\n\n<p class=\"has-text-align-center has-medium-font-size\"><strong>\u00c9sta experiencia ayuda a valorar nuestra relaci\u00f3n con nosotros mismos y la calidez con la que compartimos nuestra vida con los otros.<\/strong><\/p>\n<\/div>\n<\/div>","protected":false},"excerpt":{"rendered":"","protected":false},"author":1,"featured_media":0,"parent":0,"menu_order":0,"comment_status":"closed","ping_status":"closed","template":"onecolumn-page.php","meta":{"footnotes":""},"class_list":["post-96","page","type-page","status-publish","hentry"],"_links":{"self":[{"href":"http:\/\/www.veragallegos.com\/foto\/wp-json\/wp\/v2\/pages\/96","targetHints":{"allow":["GET"]}}],"collection":[{"href":"http:\/\/www.veragallegos.com\/foto\/wp-json\/wp\/v2\/pages"}],"about":[{"href":"http:\/\/www.veragallegos.com\/foto\/wp-json\/wp\/v2\/types\/page"}],"author":[{"embeddable":true,"href":"http:\/\/www.veragallegos.com\/foto\/wp-json\/wp\/v2\/users\/1"}],"replies":[{"embeddable":true,"href":"http:\/\/www.veragallegos.com\/foto\/wp-json\/wp\/v2\/comments?post=96"}],"version-history":[{"count":96,"href":"http:\/\/www.veragallegos.com\/foto\/wp-json\/wp\/v2\/pages\/96\/revisions"}],"predecessor-version":[{"id":587,"href":"http:\/\/www.veragallegos.com\/foto\/wp-json\/wp\/v2\/pages\/96\/revisions\/587"}],"wp:attachment":[{"href":"http:\/\/www.veragallegos.com\/foto\/wp-json\/wp\/v2\/media?parent=96"}],"curies":[{"name":"wp","href":"https:\/\/api.w.org\/{rel}","templated":true}]}}

<div class="su-column su-column-size-1-3"><div class="su-column-inner su-u-clearfix su-u-trim"></div></div>
<div class="su-column su-column-size-2-3 su-column-last"><div class="su-column-inner su-u-clearfix su-u-trim">


<div class="wp-block-columns is-layout-flex wp-container-core-columns-is-layout-9d6595d7 wp-block-columns-is-layout-flex">
<div class="wp-block-column is-layout-flow wp-block-column-is-layout-flow" style="flex-basis:66.66%">
<div class="wp-block-cover has-background-dim-60 has-very-light-gray-background-color has-background-dim" style="background-image:url(http://www.veragallegos.com/foto/wp-content/uploads/2016/09/MG_0301.jpg)"><div class="wp-block-cover__inner-container is-layout-flow wp-block-cover-is-layout-flow">
<p></p>



<h2 class="has-very-dark-gray-color has-text-color has-text-align-center wp-block-heading">Me llamo <strong>VERA</strong>. </h2>



<p class="has-text-color has-text-align-center has-medium-font-size has-very-dark-gray-color">Soy <em>mexicana</em> de sangre y crianza, nacida en EUA, mamá de dos hermosas niñas y tengo poco tiempo viviendo en Fresno, California.</p>



<p class="has-text-color has-text-align-center has-medium-font-size has-very-dark-gray-color">Estudié en México la <em>licenciatura en Ciencias y Técnicas de la Comunicación </em>orientada a medios masivos y considero que mi trabajo fotográfico es el resultado del aprendizaje técnico durante mi carrera, ligado a mi experiencia de vida en todos los aspectos.</p>



<p class="has-text-color has-text-align-center has-medium-font-size has-very-dark-gray-color">Me siento afortunada de contar con una <strong>natural sensibilidad </strong>que he desarrollado a través de los años en las artes, siendo b<em>ailarina escénica de danza contemporánea</em> y maestra de otras disciplinas del cuerpo.</p>



<p class="has-text-color has-text-align-center has-medium-font-size has-very-dark-gray-color">Mi vivencia siendo madre, definitivamente, también contribuye positivamente a <strong>empatizar de manera bella con situaciones cotidianas y espontáneas </strong>durante mi labor.</p>



<p class="has-text-color has-text-align-center has-medium-font-size has-very-dark-gray-color">Comencé éste proyecto independiente como <strong>fotógrafa de niños y familias</strong> en el <em>2013</em>, en Guadalajara, Jalisco, México. Desde entonces, también documento eventos familiares importantes y ceremonias como Bodas y Bautizos.</p>



<p class="has-text-color has-text-align-center has-medium-font-size has-very-dark-gray-color">Durante el tiempo que he capturado momentos, he observado que <strong>las sesiones fotográficas son un buen pretexto y oportunidad para vivir un bonita experiencia de interacción y convivencia familiar</strong>.</p>



<p class="has-text-color has-text-align-center has-medium-font-size has-very-dark-gray-color"> <strong>No cabe duda que las imágenes de recuerdo tracenderán </strong>quizás a través de generaciones y<strong> al verlas nos harán conectar con sentimientos muy valiosos y esenciales.</strong></p>
</div></div>
</div>



<div class="wp-block-column is-layout-flow wp-block-column-is-layout-flow" style="flex-basis:33.33%">
<div class="wp-block-image is-style-default"><figure class="aligncenter size-large"><img decoding="async" src="http://www.veragallegos.com/foto/wp-content/uploads/2022/02/verabn2.jpg" alt="" class="wp-image-463"/></figure></div>



<p class="has-text-align-center has-medium-font-size"><strong>Mi inquietud en la fotografía va más allá de lo visual y el recuerdo que puede ser plasmado a través del lente. </strong></p>



<p class="has-text-align-center has-medium-font-size"><strong>Percibo en las sesiones fotográficas una experiencia que expone quien realmente somos. </strong></p>



<p class="has-text-align-center has-medium-font-size"><strong>Ésta experiencia ayuda a valorar nuestra relación con nosotros mismos y la calidez con la que compartimos nuestra vida con los otros.</strong></p>
</div>
</div>
