{"id":1067,"date":"2022-02-04T11:11:41","date_gmt":"2022-02-04T17:11:41","guid":{"rendered":"http:\/\/www.veragallegos.com\/hm\/?page_id=1067"},"modified":"2023-09-17T08:16:08","modified_gmt":"2023-09-17T14:16:08","slug":"vera-g","status":"publish","type":"page","link":"http:\/\/www.veragallegos.com\/hm\/vera-g\/","title":{"rendered":"Vera G"},"content":{"rendered":"<div class=\"wp-block-columns is-layout-flex wp-container-core-columns-is-layout-9d6595d7 wp-block-columns-is-layout-flex\">\n<div class=\"wp-block-column is-layout-flow wp-block-column-is-layout-flow\" style=\"flex-basis:33.33%\">\n<figure class=\"wp-block-image size-full is-resized\"><img loading=\"lazy\" decoding=\"async\" src=\"http:\/\/www.veragallegos.com\/hm\/wp-content\/uploads\/2022\/01\/veraed.jpg\" alt=\"\" class=\"wp-image-955\" width=\"269\" height=\"1014\"\/><\/figure>\n<\/div>\n\n\n\n<div class=\"wp-block-column is-layout-flow wp-block-column-is-layout-flow\" style=\"flex-basis:66.66%\">\n<h2 class=\"wp-block-heading\" id=\"hola-soy-vera\">\u00a1Hola! Soy VERA<\/h2>\n\n\n\n<p class=\"has-black-color has-text-color\" style=\"font-size:18px\">Tengo la inquietud de compartir con otras personas el gran potencial de diversas t\u00e9cnicas corporales que contibuyen a la transformaci\u00f3n interna y externa de cada uno. <\/p>\n\n\n\n<p class=\"has-black-color has-text-color\" style=\"font-size:18px\">Durante muchos a\u00f1os he explorado las artes som\u00e1ticas como un medio de auto-conocimiento, expresi\u00f3n creativa y catarsis emocional. Soy <strong>maestra certificada en Hatha Yoga<\/strong> desde el 2009, E-RYT 200 avalada por Yoga Alliance. Adem\u00e1s soy <strong>bailarina profesional de danza contempor\u00e1nea<\/strong>, principalmente con entrenamiento en t\u00e9cnica Graham y Lim\u00f3n. He complementado mi trabajo corporal con ballet cl\u00e1sico, jazz, otros estilos contempor\u00e1neos, yoga y <strong>Pilates<\/strong>, t\u00e9cnica de la cual me cerrifiqu\u00e9 desde el 2004 por Pilates Coach. Desde entonces he reunido gran experiencia ense\u00f1ando en sus diversos aparatos y uso de accesorios.<\/p>\n\n\n\n<p class=\"has-black-color has-text-color\" style=\"font-size:18px\">Form\u00e9 parte de la Escuela Profesional de Danza de Mazatl\u00e1n y he sido int\u00e9rprete y bailarina ejecutante en diversos foros y teatros bajo la direcci\u00f3n de core\u00f3grafos de talla internacional como V\u00edctor Ruiz, Claudia Lavista, Rafael Carl\u00edn y Lola Lince entre otros.<\/p>\n\n\n\n<p class=\"has-black-color has-text-color\" style=\"font-size:18px\">Curs\u00e9 el <em>diplomado en t\u00e9cnicas som\u00e1tica<\/em>s y anatom\u00eda para la escena (SOMA) en la Universidad de Guadalajara y una <em>formaci\u00f3n de educaci\u00f3n transpersonal Mindfulness para ni\u00f1os y adolescentes<\/em>. Soy <strong>licenciada en Ciencias y T\u00e9cnicas de la Comunicaci\u00f3n <\/strong>y actualmente <em>fot\u00f3grafa <\/em>de profesi\u00f3n. <\/p>\n\n\n\n<p class=\"has-black-color has-text-color\" style=\"font-size:18px\">Mi m\u00e1s grande labor es ser <em>madre de dos ni\u00f1as<\/em>. Soy originalmente de familia mexicana y recientemente radico en California.<\/p>\n<\/div>\n<\/div>","protected":false},"excerpt":{"rendered":"<p>\u00a1Hola! Soy VERA Tengo la inquietud de compartir con otras personas el gran potencial de diversas t\u00e9cnicas corporales que contibuyen a la transformaci\u00f3n interna y externa de cada uno. Durante muchos a\u00f1os he explorado las artes som\u00e1ticas como un medio de auto-conocimiento, expresi\u00f3n creativa y catarsis emocional. Soy maestra certificada en Hatha Yoga desde el<br \/><a class=\"btn btn-tislider blog-readmore\" href=\"http:\/\/www.veragallegos.com\/hm\/vera-g\/\">Leer m\u00e1s<\/a><\/p>\n","protected":false},"author":2,"featured_media":0,"parent":0,"menu_order":0,"comment_status":"closed","ping_status":"closed","template":"","meta":{"footnotes":""},"class_list":["post-1067","page","type-page","status-publish","hentry"],"_links":{"self":[{"href":"http:\/\/www.veragallegos.com\/hm\/wp-json\/wp\/v2\/pages\/1067","targetHints":{"allow":["GET"]}}],"collection":[{"href":"http:\/\/www.veragallegos.com\/hm\/wp-json\/wp\/v2\/pages"}],"about":[{"href":"http:\/\/www.veragallegos.com\/hm\/wp-json\/wp\/v2\/types\/page"}],"author":[{"embeddable":true,"href":"http:\/\/www.veragallegos.com\/hm\/wp-json\/wp\/v2\/users\/2"}],"replies":[{"embeddable":true,"href":"http:\/\/www.veragallegos.com\/hm\/wp-json\/wp\/v2\/comments?post=1067"}],"version-history":[{"count":59,"href":"http:\/\/www.veragallegos.com\/hm\/wp-json\/wp\/v2\/pages\/1067\/revisions"}],"predecessor-version":[{"id":2075,"href":"http:\/\/www.veragallegos.com\/hm\/wp-json\/wp\/v2\/pages\/1067\/revisions\/2075"}],"wp:attachment":[{"href":"http:\/\/www.veragallegos.com\/hm\/wp-json\/wp\/v2\/media?parent=1067"}],"curies":[{"name":"wp","href":"https:\/\/api.w.org\/{rel}","templated":true}]}}

<div class="wp-block-columns is-layout-flex wp-container-core-columns-is-layout-9d6595d7 wp-block-columns-is-layout-flex">
<div class="wp-block-column is-layout-flow wp-block-column-is-layout-flow" style="flex-basis:33.33%">
<figure class="wp-block-image size-full is-resized"><img loading="lazy" decoding="async" src="http://www.veragallegos.com/hm/wp-content/uploads/2022/01/veraed.jpg" alt="" class="wp-image-955" width="269" height="1014"/></figure>
</div>



<div class="wp-block-column is-layout-flow wp-block-column-is-layout-flow" style="flex-basis:66.66%">
<h2 class="wp-block-heading" id="hola-soy-vera">¡Hola! Soy VERA</h2>



<p class="has-black-color has-text-color" style="font-size:18px">Tengo la inquietud de compartir con otras personas el gran potencial de diversas técnicas corporales que contibuyen a la transformación interna y externa de cada uno. </p>



<p class="has-black-color has-text-color" style="font-size:18px">Durante muchos años he explorado las artes somáticas como un medio de auto-conocimiento, expresión creativa y catarsis emocional. Soy <strong>maestra certificada en Hatha Yoga</strong> desde el 2009, E-RYT 200 avalada por Yoga Alliance. Además soy <strong>bailarina profesional de danza contemporánea</strong>, principalmente con entrenamiento en técnica Graham y Limón. He complementado mi trabajo corporal con ballet clásico, jazz, otros estilos contemporáneos, yoga y <strong>Pilates</strong>, técnica de la cual me cerrifiqué desde el 2004 por Pilates Coach. Desde entonces he reunido gran experiencia enseñando en sus diversos aparatos y uso de accesorios.</p>



<p class="has-black-color has-text-color" style="font-size:18px">Formé parte de la Escuela Profesional de Danza de Mazatlán y he sido intérprete y bailarina ejecutante en diversos foros y teatros bajo la dirección de coreógrafos de talla internacional como Víctor Ruiz, Claudia Lavista, Rafael Carlín y Lola Lince entre otros.</p>



<p class="has-black-color has-text-color" style="font-size:18px">Cursé el <em>diplomado en técnicas somática</em>s y anatomía para la escena (SOMA) en la Universidad de Guadalajara y una <em>formación de educación transpersonal Mindfulness para niños y adolescentes</em>. Soy <strong>licenciada en Ciencias y Técnicas de la Comunicación </strong>y actualmente <em>fotógrafa </em>de profesión. </p>



<p class="has-black-color has-text-color" style="font-size:18px">Mi más grande labor es ser <em>madre de dos niñas</em>. Soy originalmente de familia mexicana y recientemente radico en California.</p>
</div>
</div>

<p>¡Hola! Soy VERA Tengo la inquietud de compartir con otras personas el gran potencial de diversas técnicas corporales que contibuyen a la transformación interna y externa de cada uno. Durante muchos años he explorado las artes somáticas como un medio de auto-conocimiento, expresión creativa y catarsis emocional. Soy maestra certificada en Hatha Yoga desde el<br /><a class="btn btn-tislider blog-readmore" href="http://www.veragallegos.com/hm/vera-g/">Leer más</a></p>
